{"id":5620,"date":"2021-11-21T12:59:02","date_gmt":"2021-11-21T11:59:02","guid":{"rendered":"https:\/\/www.mauritiusschule-ibb.de\/?page_id=5620"},"modified":"2025-11-18T10:58:43","modified_gmt":"2025-11-18T09:58:43","slug":"oggs-aktionen","status":"publish","type":"page","link":"https:\/\/www.mauritiusschule-ibb.de\/?page_id=5620","title":{"rendered":"Aktionen"},"content":{"rendered":"\n<hr class=\"wp-block-separator has-alpha-channel-opacity is-style-wide\"\/>\n\n\n\n<h2 class=\"wp-block-heading\">Tag des Kinderturnens 2025<\/h2>\n\n\n\n<p class=\"has-text-align-left has-normal-font-size\">Am Freitag, dem 31. Oktober 2025 starteten die Kinder der Mauritius-OGGS zu einer \u201etierischen Turn-Weltreise\u201c. Unterst\u00fctzt durch das Sport-Team der OGGS sowie der BUFDIS und FOS-Praktikanten lernten die Kinder anl\u00e4sslich der Aktion \u201eTag des Kinderturnens\u201c an den verschiedenen Bewegungsstationen Tiere von unterschiedlichen Kontinenten kennen. Mit viel Spa\u00df turnten die verschiedenen Jahrg\u00e4nge z. B. wie der Storch in Europa, der Panda in Asien oder der Pinguin in der Antarktis. Alle teilnehmenden Kinder erhielten am Montag nach der Aktion eine Urkunde.<\/p>\n\n\n\n<figure class=\"wp-block-image size-large\"><img decoding=\"async\" src=\"https:\/\/www.mauritiusschule-ibb.de\/wp-content\/uploads\/2025\/11\/TagDesKinderturnens2025.jpg\" alt=\"\"\/><\/figure>\n\n\n\n<hr class=\"wp-block-separator has-alpha-channel-opacity is-style-wide\"\/>\n\n\n\n<h2 class=\"wp-block-heading\">Besuch der Ledder Werkst\u00e4tten<\/h2>\n\n\n\n<figure class=\"wp-block-image size-large\"><a href=\"https:\/\/www.mauritiusschule-ibb.de\/wp-content\/uploads\/2025\/03\/Foto-Ledder-Werkstaetten-Anzuender-2.jpg\" rel=\"lightbox[5620]\"><img loading=\"lazy\" decoding=\"async\" width=\"1024\" height=\"576\" src=\"https:\/\/www.mauritiusschule-ibb.de\/wp-content\/uploads\/2025\/03\/Foto-Ledder-Werkstaetten-Anzuender-2-1024x576.jpg\" alt=\"\" class=\"wp-image-7448\" srcset=\"https:\/\/www.mauritiusschule-ibb.de\/wp-content\/uploads\/2025\/03\/Foto-Ledder-Werkstaetten-Anzuender-2-1024x576.jpg 1024w, https:\/\/www.mauritiusschule-ibb.de\/wp-content\/uploads\/2025\/03\/Foto-Ledder-Werkstaetten-Anzuender-2-300x169.jpg 300w, https:\/\/www.mauritiusschule-ibb.de\/wp-content\/uploads\/2025\/03\/Foto-Ledder-Werkstaetten-Anzuender-2-768x432.jpg 768w, https:\/\/www.mauritiusschule-ibb.de\/wp-content\/uploads\/2025\/03\/Foto-Ledder-Werkstaetten-Anzuender-2-100x56.jpg 100w, https:\/\/www.mauritiusschule-ibb.de\/wp-content\/uploads\/2025\/03\/Foto-Ledder-Werkstaetten-Anzuender-2-150x84.jpg 150w, https:\/\/www.mauritiusschule-ibb.de\/wp-content\/uploads\/2025\/03\/Foto-Ledder-Werkstaetten-Anzuender-2-200x113.jpg 200w, https:\/\/www.mauritiusschule-ibb.de\/wp-content\/uploads\/2025\/03\/Foto-Ledder-Werkstaetten-Anzuender-2-450x253.jpg 450w, https:\/\/www.mauritiusschule-ibb.de\/wp-content\/uploads\/2025\/03\/Foto-Ledder-Werkstaetten-Anzuender-2-600x338.jpg 600w, https:\/\/www.mauritiusschule-ibb.de\/wp-content\/uploads\/2025\/03\/Foto-Ledder-Werkstaetten-Anzuender-2-900x506.jpg 900w, https:\/\/www.mauritiusschule-ibb.de\/wp-content\/uploads\/2025\/03\/Foto-Ledder-Werkstaetten-Anzuender-2.jpg 1280w\" sizes=\"auto, (max-width: 1024px) 100vw, 1024px\" \/><\/a><\/figure>\n\n\n\n<hr class=\"wp-block-separator has-alpha-channel-opacity is-style-wide\"\/>\n\n\n\n<figure class=\"wp-block-image aligncenter size-large\"><a href=\"https:\/\/www.mauritiusschule-ibb.de\/wp-content\/uploads\/2024\/11\/Praesentation1-5.jpg\" rel=\"lightbox[5620]\"><img loading=\"lazy\" decoding=\"async\" width=\"1024\" height=\"576\" src=\"https:\/\/www.mauritiusschule-ibb.de\/wp-content\/uploads\/2024\/11\/Praesentation1-5-1024x576.jpg\" alt=\"\" class=\"wp-image-7301\" srcset=\"https:\/\/www.mauritiusschule-ibb.de\/wp-content\/uploads\/2024\/11\/Praesentation1-5-1024x576.jpg 1024w, https:\/\/www.mauritiusschule-ibb.de\/wp-content\/uploads\/2024\/11\/Praesentation1-5-300x169.jpg 300w, https:\/\/www.mauritiusschule-ibb.de\/wp-content\/uploads\/2024\/11\/Praesentation1-5-768x432.jpg 768w, https:\/\/www.mauritiusschule-ibb.de\/wp-content\/uploads\/2024\/11\/Praesentation1-5-100x56.jpg 100w, https:\/\/www.mauritiusschule-ibb.de\/wp-content\/uploads\/2024\/11\/Praesentation1-5-150x84.jpg 150w, https:\/\/www.mauritiusschule-ibb.de\/wp-content\/uploads\/2024\/11\/Praesentation1-5-200x113.jpg 200w, https:\/\/www.mauritiusschule-ibb.de\/wp-content\/uploads\/2024\/11\/Praesentation1-5-450x253.jpg 450w, https:\/\/www.mauritiusschule-ibb.de\/wp-content\/uploads\/2024\/11\/Praesentation1-5-600x338.jpg 600w, https:\/\/www.mauritiusschule-ibb.de\/wp-content\/uploads\/2024\/11\/Praesentation1-5-900x506.jpg 900w, https:\/\/www.mauritiusschule-ibb.de\/wp-content\/uploads\/2024\/11\/Praesentation1-5.jpg 1280w\" sizes=\"auto, (max-width: 1024px) 100vw, 1024px\" \/><\/a><\/figure>\n\n\n\n<figure class=\"wp-block-image size-large\"><a href=\"https:\/\/www.mauritiusschule-ibb.de\/wp-content\/uploads\/2024\/11\/OGGS-Kinderrechte-1.jpg\" rel=\"lightbox[5620]\"><img loading=\"lazy\" decoding=\"async\" width=\"1024\" height=\"576\" src=\"https:\/\/www.mauritiusschule-ibb.de\/wp-content\/uploads\/2024\/11\/OGGS-Kinderrechte-1-1024x576.jpg\" alt=\"\" class=\"wp-image-7314\" srcset=\"https:\/\/www.mauritiusschule-ibb.de\/wp-content\/uploads\/2024\/11\/OGGS-Kinderrechte-1-1024x576.jpg 1024w, https:\/\/www.mauritiusschule-ibb.de\/wp-content\/uploads\/2024\/11\/OGGS-Kinderrechte-1-300x169.jpg 300w, https:\/\/www.mauritiusschule-ibb.de\/wp-content\/uploads\/2024\/11\/OGGS-Kinderrechte-1-768x432.jpg 768w, https:\/\/www.mauritiusschule-ibb.de\/wp-content\/uploads\/2024\/11\/OGGS-Kinderrechte-1-100x56.jpg 100w, https:\/\/www.mauritiusschule-ibb.de\/wp-content\/uploads\/2024\/11\/OGGS-Kinderrechte-1-150x84.jpg 150w, https:\/\/www.mauritiusschule-ibb.de\/wp-content\/uploads\/2024\/11\/OGGS-Kinderrechte-1-200x113.jpg 200w, https:\/\/www.mauritiusschule-ibb.de\/wp-content\/uploads\/2024\/11\/OGGS-Kinderrechte-1-450x253.jpg 450w, https:\/\/www.mauritiusschule-ibb.de\/wp-content\/uploads\/2024\/11\/OGGS-Kinderrechte-1-600x338.jpg 600w, https:\/\/www.mauritiusschule-ibb.de\/wp-content\/uploads\/2024\/11\/OGGS-Kinderrechte-1-900x506.jpg 900w, https:\/\/www.mauritiusschule-ibb.de\/wp-content\/uploads\/2024\/11\/OGGS-Kinderrechte-1.jpg 1280w\" sizes=\"auto, (max-width: 1024px) 100vw, 1024px\" \/><\/a><\/figure>\n\n\n\n<figure class=\"wp-block-image size-large is-resized\"><a href=\"https:\/\/www.mauritiusschule-ibb.de\/wp-content\/uploads\/2024\/11\/Homepage.jpg\" rel=\"lightbox[5620]\"><img loading=\"lazy\" decoding=\"async\" width=\"1024\" height=\"576\" src=\"https:\/\/www.mauritiusschule-ibb.de\/wp-content\/uploads\/2024\/11\/Homepage-1024x576.jpg\" alt=\"\" class=\"wp-image-7277\" style=\"width:862px;height:auto\" srcset=\"https:\/\/www.mauritiusschule-ibb.de\/wp-content\/uploads\/2024\/11\/Homepage-1024x576.jpg 1024w, https:\/\/www.mauritiusschule-ibb.de\/wp-content\/uploads\/2024\/11\/Homepage-300x169.jpg 300w, https:\/\/www.mauritiusschule-ibb.de\/wp-content\/uploads\/2024\/11\/Homepage-768x432.jpg 768w, https:\/\/www.mauritiusschule-ibb.de\/wp-content\/uploads\/2024\/11\/Homepage-100x56.jpg 100w, https:\/\/www.mauritiusschule-ibb.de\/wp-content\/uploads\/2024\/11\/Homepage-150x84.jpg 150w, https:\/\/www.mauritiusschule-ibb.de\/wp-content\/uploads\/2024\/11\/Homepage-200x113.jpg 200w, https:\/\/www.mauritiusschule-ibb.de\/wp-content\/uploads\/2024\/11\/Homepage-450x253.jpg 450w, https:\/\/www.mauritiusschule-ibb.de\/wp-content\/uploads\/2024\/11\/Homepage-600x338.jpg 600w, https:\/\/www.mauritiusschule-ibb.de\/wp-content\/uploads\/2024\/11\/Homepage-900x506.jpg 900w, https:\/\/www.mauritiusschule-ibb.de\/wp-content\/uploads\/2024\/11\/Homepage.jpg 1280w\" sizes=\"auto, (max-width: 1024px) 100vw, 1024px\" \/><\/a><\/figure>\n\n\n\n<figure class=\"wp-block-image size-large is-resized\"><a href=\"https:\/\/www.mauritiusschule-ibb.de\/wp-content\/uploads\/2024\/10\/Fit-gesund-und-munter.jpg\" rel=\"lightbox[5620]\"><img loading=\"lazy\" decoding=\"async\" width=\"1024\" height=\"576\" src=\"https:\/\/www.mauritiusschule-ibb.de\/wp-content\/uploads\/2024\/10\/Fit-gesund-und-munter-1024x576.jpg\" alt=\"\" class=\"wp-image-7240\" style=\"width:867px;height:auto\" srcset=\"https:\/\/www.mauritiusschule-ibb.de\/wp-content\/uploads\/2024\/10\/Fit-gesund-und-munter-1024x576.jpg 1024w, https:\/\/www.mauritiusschule-ibb.de\/wp-content\/uploads\/2024\/10\/Fit-gesund-und-munter-300x169.jpg 300w, https:\/\/www.mauritiusschule-ibb.de\/wp-content\/uploads\/2024\/10\/Fit-gesund-und-munter-768x432.jpg 768w, https:\/\/www.mauritiusschule-ibb.de\/wp-content\/uploads\/2024\/10\/Fit-gesund-und-munter-100x56.jpg 100w, https:\/\/www.mauritiusschule-ibb.de\/wp-content\/uploads\/2024\/10\/Fit-gesund-und-munter-150x84.jpg 150w, https:\/\/www.mauritiusschule-ibb.de\/wp-content\/uploads\/2024\/10\/Fit-gesund-und-munter-200x113.jpg 200w, https:\/\/www.mauritiusschule-ibb.de\/wp-content\/uploads\/2024\/10\/Fit-gesund-und-munter-450x253.jpg 450w, https:\/\/www.mauritiusschule-ibb.de\/wp-content\/uploads\/2024\/10\/Fit-gesund-und-munter-600x338.jpg 600w, https:\/\/www.mauritiusschule-ibb.de\/wp-content\/uploads\/2024\/10\/Fit-gesund-und-munter-900x506.jpg 900w, https:\/\/www.mauritiusschule-ibb.de\/wp-content\/uploads\/2024\/10\/Fit-gesund-und-munter.jpg 1280w\" sizes=\"auto, (max-width: 1024px) 100vw, 1024px\" \/><\/a><\/figure>\n\n\n\n<figure class=\"wp-block-image size-full is-style-default\"><a href=\"https:\/\/www.mauritiusschule-ibb.de\/wp-content\/uploads\/2024\/08\/2024-OGGS-Hochbeet-1.jpg\" rel=\"lightbox[5620]\"><img loading=\"lazy\" decoding=\"async\" width=\"996\" height=\"679\" src=\"https:\/\/www.mauritiusschule-ibb.de\/wp-content\/uploads\/2024\/08\/2024-OGGS-Hochbeet-1.jpg\" alt=\"\" class=\"wp-image-7109\" srcset=\"https:\/\/www.mauritiusschule-ibb.de\/wp-content\/uploads\/2024\/08\/2024-OGGS-Hochbeet-1.jpg 996w, https:\/\/www.mauritiusschule-ibb.de\/wp-content\/uploads\/2024\/08\/2024-OGGS-Hochbeet-1-300x205.jpg 300w, https:\/\/www.mauritiusschule-ibb.de\/wp-content\/uploads\/2024\/08\/2024-OGGS-Hochbeet-1-768x524.jpg 768w, https:\/\/www.mauritiusschule-ibb.de\/wp-content\/uploads\/2024\/08\/2024-OGGS-Hochbeet-1-100x68.jpg 100w, https:\/\/www.mauritiusschule-ibb.de\/wp-content\/uploads\/2024\/08\/2024-OGGS-Hochbeet-1-150x102.jpg 150w, https:\/\/www.mauritiusschule-ibb.de\/wp-content\/uploads\/2024\/08\/2024-OGGS-Hochbeet-1-200x136.jpg 200w, https:\/\/www.mauritiusschule-ibb.de\/wp-content\/uploads\/2024\/08\/2024-OGGS-Hochbeet-1-450x307.jpg 450w, https:\/\/www.mauritiusschule-ibb.de\/wp-content\/uploads\/2024\/08\/2024-OGGS-Hochbeet-1-600x409.jpg 600w, https:\/\/www.mauritiusschule-ibb.de\/wp-content\/uploads\/2024\/08\/2024-OGGS-Hochbeet-1-900x614.jpg 900w\" sizes=\"auto, (max-width: 996px) 100vw, 996px\" \/><\/a><\/figure>\n\n\n\n<p class=\"has-text-align-center\">____________________________________________________________________________________________<\/p>\n\n\n\n<p><strong>Singen macht Freude<\/strong><\/p>\n\n\n\n<p>Schon seit einiger Zeit besteht der OGGS-Chor der Mauritiusschule, der frei nach dem obigen Motto einmal w\u00f6chentlich unter der Leitung von Anke Audick probt. Mittlerweile geh\u00f6rten 18 kleine und gro\u00dfe S\u00e4ngerinnen zu dem Chor. Etliche Auftritte sind schon zu verzeichnen&#8230;, sei es beim &#8222;Tag der offnen T\u00fcr&#8220;, beim &#8222;Weihnachtlichen Singen&#8220; oder bei Verabschiedungen und Geburtstagen an der Schule.<br><br>Auch wurde schon au\u00dferhalb der  Schule gesunden. Es gab zwei Konzerte im Caritas-Seniorenheim in Ibbenb\u00fcren und es war an der Zeit, die Eltern der Chorkinder einzuladen.<\/p>\n\n\n\n<p>Vorab wurden Einladungen gebastelt, Lieder ausgesucht und dann flei\u00dfig geprobt. Am 7.6.2024 war es so weit und im gut gef\u00fcllten Musikraum t\u00f6nten die sch\u00f6nsten Lieder.<br>Die Eltern und Geschwister sparten nicht mit Applaus und waren begeistert von ihren Kindern. Zum Abschluss gab es f\u00fcr alle Chorkinder Eis und schnell war klar, das wird nicht das letzte Elternkonzert gewesen sein.<br><\/p>\n\n\n\n<figure class=\"wp-block-image size-large is-style-default\"><a href=\"https:\/\/www.mauritiusschule-ibb.de\/wp-content\/uploads\/2024\/06\/Anke-Chor-1.jpg\" rel=\"lightbox[5620]\"><img loading=\"lazy\" decoding=\"async\" width=\"1024\" height=\"351\" src=\"https:\/\/www.mauritiusschule-ibb.de\/wp-content\/uploads\/2024\/06\/Anke-Chor-1-1024x351.jpg\" alt=\"\" class=\"wp-image-7050\" srcset=\"https:\/\/www.mauritiusschule-ibb.de\/wp-content\/uploads\/2024\/06\/Anke-Chor-1-1024x351.jpg 1024w, https:\/\/www.mauritiusschule-ibb.de\/wp-content\/uploads\/2024\/06\/Anke-Chor-1-300x103.jpg 300w, https:\/\/www.mauritiusschule-ibb.de\/wp-content\/uploads\/2024\/06\/Anke-Chor-1-768x263.jpg 768w, https:\/\/www.mauritiusschule-ibb.de\/wp-content\/uploads\/2024\/06\/Anke-Chor-1-100x34.jpg 100w, https:\/\/www.mauritiusschule-ibb.de\/wp-content\/uploads\/2024\/06\/Anke-Chor-1-150x51.jpg 150w, https:\/\/www.mauritiusschule-ibb.de\/wp-content\/uploads\/2024\/06\/Anke-Chor-1-200x69.jpg 200w, https:\/\/www.mauritiusschule-ibb.de\/wp-content\/uploads\/2024\/06\/Anke-Chor-1-450x154.jpg 450w, https:\/\/www.mauritiusschule-ibb.de\/wp-content\/uploads\/2024\/06\/Anke-Chor-1-600x206.jpg 600w, https:\/\/www.mauritiusschule-ibb.de\/wp-content\/uploads\/2024\/06\/Anke-Chor-1-900x309.jpg 900w, https:\/\/www.mauritiusschule-ibb.de\/wp-content\/uploads\/2024\/06\/Anke-Chor-1.jpg 1265w\" sizes=\"auto, (max-width: 1024px) 100vw, 1024px\" \/><\/a><\/figure>\n\n\n\n<h1 class=\"wp-block-heading\"><\/h1>\n\n\n\n<p>&#8212;&#8212;&#8212;&#8212;&#8212;&#8212;&#8212;&#8212;&#8212;&#8212;&#8212;&#8212;&#8212;&#8212;&#8212;&#8212;&#8212;&#8212;&#8212;&#8212;&#8212;&#8212;&#8212;&#8212;&#8212;&#8212;&#8212;&#8212;&#8212;&#8212;&#8212;&#8212;&#8212;&#8212;&#8212;&#8212;&#8212;&#8212;&#8212;&#8212;&#8212;&#8212;&#8212;&#8212;&#8212;&#8212;&#8212;&#8212;&#8212;&#8212;&#8212;&#8212;-<br><strong>Barfu\u00dfweg im Schulgarten<br><\/strong><\/p>\n\n\n\n<p>In m\u00fchevoller Handarbeit haben die Kinder der OGGS unter Anleitung einen Barfu\u00dfweg angelegt.<\/p>\n\n\n\n<p>Hierf\u00fcr wurden verschiedene Materialien verwendet (Sand, Kies, H\u00e4cksel, Kastanien, Kieselsteine, Gras), um damit die Wahrnehmung zu f\u00f6rdern.<\/p>\n\n\n\n<p>Zwei selbstgestaltete Schilder sowie Randsteine machen den Weg komplett.<\/p>\n\n\n\n<p>Der Barfu\u00dfweg wird gut angenommen und bei den sommerlichen Temperaturen gibt es au\u00dferdem die M\u00f6glichkeit zur Abk\u00fchlung der F\u00fc\u00dfe.<\/p>\n\n\n\n<p>Ein tolles Projekt, das viel Freude macht.<\/p>\n\n\n\n<figure class=\"wp-block-image is-style-default\"><a href=\"https:\/\/www.mauritiusschule-ibb.de\/wp-content\/uploads\/2024\/05\/Barfussweg-1.jpg\" rel=\"lightbox[5620]\"><img loading=\"lazy\" decoding=\"async\" width=\"1024\" height=\"576\" src=\"https:\/\/www.mauritiusschule-ibb.de\/wp-content\/uploads\/2024\/05\/Barfussweg-1-1024x576.jpg\" alt=\"\" class=\"wp-image-7013\" srcset=\"https:\/\/www.mauritiusschule-ibb.de\/wp-content\/uploads\/2024\/05\/Barfussweg-1-1024x576.jpg 1024w, https:\/\/www.mauritiusschule-ibb.de\/wp-content\/uploads\/2024\/05\/Barfussweg-1-300x169.jpg 300w, https:\/\/www.mauritiusschule-ibb.de\/wp-content\/uploads\/2024\/05\/Barfussweg-1-768x432.jpg 768w, https:\/\/www.mauritiusschule-ibb.de\/wp-content\/uploads\/2024\/05\/Barfussweg-1-100x56.jpg 100w, https:\/\/www.mauritiusschule-ibb.de\/wp-content\/uploads\/2024\/05\/Barfussweg-1-150x84.jpg 150w, https:\/\/www.mauritiusschule-ibb.de\/wp-content\/uploads\/2024\/05\/Barfussweg-1-200x113.jpg 200w, https:\/\/www.mauritiusschule-ibb.de\/wp-content\/uploads\/2024\/05\/Barfussweg-1-450x253.jpg 450w, https:\/\/www.mauritiusschule-ibb.de\/wp-content\/uploads\/2024\/05\/Barfussweg-1-600x338.jpg 600w, https:\/\/www.mauritiusschule-ibb.de\/wp-content\/uploads\/2024\/05\/Barfussweg-1-900x506.jpg 900w, https:\/\/www.mauritiusschule-ibb.de\/wp-content\/uploads\/2024\/05\/Barfussweg-1.jpg 1280w\" sizes=\"auto, (max-width: 1024px) 100vw, 1024px\" \/><\/a><\/figure>\n\n\n\n<p><\/p>\n\n\n\n<p><strong>________________________________________________________________________________________________<\/strong><\/p>\n\n\n\n<p><strong>Besuch von Senioren und Seniorinnen in der \u201eOffenen Ganztagsschule\u201c der Mauritiusschule<\/strong><\/p>\n\n\n\n<p>Wir bringen Jung und Alt zusammen, in dem wir mit den Kindern der OGGS schon seit l\u00e4ngerer Zeit regelm\u00e4\u00dfig das Seniorenheim der Caritas in Ibbenb\u00fcren besuchen.<\/p>\n\n\n\n<p>Unsere Musik bringt Freude und Erinnerungen, w\u00e4hrend wir wertvolle Verbindungen zwischen den Generationen schaffen.<\/p>\n\n\n\n<p>Am 25.04.24 hatten wir das Vergn\u00fcgen, dass die Senioren\/innen unserer Einladung gefolgt sind und uns in der OGGS an der Mauritiusschule besucht haben.<\/p>\n\n\n\n<p>Zur Begr\u00fc\u00dfung wurden erst einmal kleine selbstgebastelte Leinw\u00e4nde als Gastgeschenke verteilt. Dann haben sie gemeinsam mit den Kindern gebastelt, geknetet und sich ausgiebig ausgetauscht. Es war ein Nachmittag voller Lachen, Geschichten und neuer Freundschaften.<\/p>\n\n\n\n<p>Zum Abschluss gab es noch eine F\u00fchrung durch die OGGS. Die Senioren\/innen waren sehr beeindruckt von den sch\u00f6nen R\u00e4umlichkeiten, den vielen Spielem\u00f6glichkeiten und den reichhaltigen Angeboten f\u00fcr die Kinder.<\/p>\n\n\n\n<p>Zum Abschluss meinten alle Besucher\/innen einstimmig, dass auch sie gerne in die OGGS kommen w\u00fcrden\u2026 <br>Was f\u00fcr ein sch\u00f6nes Kompliment!<\/p>\n\n\n\n<figure class=\"wp-block-image size-large is-style-default\"><a href=\"https:\/\/www.mauritiusschule-ibb.de\/wp-content\/uploads\/2024\/05\/Praesentation1-1.jpg\" rel=\"lightbox[5620]\"><img loading=\"lazy\" decoding=\"async\" width=\"1024\" height=\"576\" src=\"https:\/\/www.mauritiusschule-ibb.de\/wp-content\/uploads\/2024\/05\/Praesentation1-1-1024x576.jpg\" alt=\"\" class=\"wp-image-6976\" srcset=\"https:\/\/www.mauritiusschule-ibb.de\/wp-content\/uploads\/2024\/05\/Praesentation1-1-1024x576.jpg 1024w, https:\/\/www.mauritiusschule-ibb.de\/wp-content\/uploads\/2024\/05\/Praesentation1-1-300x169.jpg 300w, https:\/\/www.mauritiusschule-ibb.de\/wp-content\/uploads\/2024\/05\/Praesentation1-1-768x432.jpg 768w, https:\/\/www.mauritiusschule-ibb.de\/wp-content\/uploads\/2024\/05\/Praesentation1-1-100x56.jpg 100w, https:\/\/www.mauritiusschule-ibb.de\/wp-content\/uploads\/2024\/05\/Praesentation1-1-150x84.jpg 150w, https:\/\/www.mauritiusschule-ibb.de\/wp-content\/uploads\/2024\/05\/Praesentation1-1-200x113.jpg 200w, https:\/\/www.mauritiusschule-ibb.de\/wp-content\/uploads\/2024\/05\/Praesentation1-1-450x253.jpg 450w, https:\/\/www.mauritiusschule-ibb.de\/wp-content\/uploads\/2024\/05\/Praesentation1-1-600x338.jpg 600w, https:\/\/www.mauritiusschule-ibb.de\/wp-content\/uploads\/2024\/05\/Praesentation1-1-900x506.jpg 900w, https:\/\/www.mauritiusschule-ibb.de\/wp-content\/uploads\/2024\/05\/Praesentation1-1.jpg 1280w\" sizes=\"auto, (max-width: 1024px) 100vw, 1024px\" \/><\/a><\/figure>\n\n\n\n<p>&#8212;&#8212;&#8212;&#8212;&#8212;&#8212;&#8212;&#8212;&#8212;&#8212;&#8212;&#8212;&#8212;&#8212;&#8212;&#8212;&#8212;&#8212;&#8212;&#8212;&#8212;&#8212;&#8212;&#8212;&#8212;&#8212;&#8212;&#8212;&#8212;&#8212;&#8212;&#8212;&#8212;&#8212;&#8212;&#8212;&#8212;&#8212;&#8212;&#8212;&#8212;&#8212;&#8212;&#8212;&#8212;&#8212;&#8212;&#8212;&#8212;&#8212;&#8212;&#8212;-<\/p>\n\n\n\n<figure class=\"wp-block-image size-large is-style-default\"><a href=\"https:\/\/www.mauritiusschule-ibb.de\/wp-content\/uploads\/2024\/06\/Zirkus-1.jpg\" rel=\"lightbox[5620]\"><img loading=\"lazy\" decoding=\"async\" width=\"1024\" height=\"576\" src=\"https:\/\/www.mauritiusschule-ibb.de\/wp-content\/uploads\/2024\/06\/Zirkus-1-1024x576.jpg\" alt=\"\" class=\"wp-image-7062\" srcset=\"https:\/\/www.mauritiusschule-ibb.de\/wp-content\/uploads\/2024\/06\/Zirkus-1-1024x576.jpg 1024w, https:\/\/www.mauritiusschule-ibb.de\/wp-content\/uploads\/2024\/06\/Zirkus-1-300x169.jpg 300w, https:\/\/www.mauritiusschule-ibb.de\/wp-content\/uploads\/2024\/06\/Zirkus-1-768x432.jpg 768w, https:\/\/www.mauritiusschule-ibb.de\/wp-content\/uploads\/2024\/06\/Zirkus-1-100x56.jpg 100w, https:\/\/www.mauritiusschule-ibb.de\/wp-content\/uploads\/2024\/06\/Zirkus-1-150x84.jpg 150w, https:\/\/www.mauritiusschule-ibb.de\/wp-content\/uploads\/2024\/06\/Zirkus-1-200x113.jpg 200w, https:\/\/www.mauritiusschule-ibb.de\/wp-content\/uploads\/2024\/06\/Zirkus-1-450x253.jpg 450w, https:\/\/www.mauritiusschule-ibb.de\/wp-content\/uploads\/2024\/06\/Zirkus-1-600x338.jpg 600w, https:\/\/www.mauritiusschule-ibb.de\/wp-content\/uploads\/2024\/06\/Zirkus-1-900x506.jpg 900w, https:\/\/www.mauritiusschule-ibb.de\/wp-content\/uploads\/2024\/06\/Zirkus-1.jpg 1280w\" sizes=\"auto, (max-width: 1024px) 100vw, 1024px\" \/><\/a><\/figure>\n\n\n\n<p><\/p>\n\n\n\n<p><\/p>\n\n\n\n<p><\/p>\n\n\n\n<p><\/p>\n\n\n\n<p><\/p>\n\n\n\n<p><\/p>\n\n\n\n<p><\/p>\n","protected":false},"excerpt":{"rendered":"<p>Tag des Kinderturnens 2025 Am Freitag, dem 31. Oktober 2025 starteten die Kinder der Mauritius-OGGS zu einer \u201etierischen Turn-Weltreise\u201c. Unterst\u00fctzt durch das Sport-Team der OGGS sowie der BUFDIS und FOS-Praktikanten lernten die Kinder anl\u00e4sslich der Aktion \u201eTag des Kinderturnens\u201c an &hellip;<\/p>\n<p class=\"read-more\"> <a class=\"more-link\" href=\"https:\/\/www.mauritiusschule-ibb.de\/?page_id=5620\"> <span class=\"screen-reader-text\">Aktionen<\/span> Weiterlesen &raquo;<\/a><\/p>\n","protected":false},"author":8,"featured_media":0,"parent":39,"menu_order":0,"comment_status":"closed","ping_status":"closed","template":"","meta":{"footnotes":""},"class_list":["post-5620","page","type-page","status-publish","hentry"],"_links":{"self":[{"href":"https:\/\/www.mauritiusschule-ibb.de\/index.php?rest_route=\/wp\/v2\/pages\/5620","targetHints":{"allow":["GET"]}}],"collection":[{"href":"https:\/\/www.mauritiusschule-ibb.de\/index.php?rest_route=\/wp\/v2\/pages"}],"about":[{"href":"https:\/\/www.mauritiusschule-ibb.de\/index.php?rest_route=\/wp\/v2\/types\/page"}],"author":[{"embeddable":true,"href":"https:\/\/www.mauritiusschule-ibb.de\/index.php?rest_route=\/wp\/v2\/users\/8"}],"replies":[{"embeddable":true,"href":"https:\/\/www.mauritiusschule-ibb.de\/index.php?rest_route=%2Fwp%2Fv2%2Fcomments&post=5620"}],"version-history":[{"count":46,"href":"https:\/\/www.mauritiusschule-ibb.de\/index.php?rest_route=\/wp\/v2\/pages\/5620\/revisions"}],"predecessor-version":[{"id":7837,"href":"https:\/\/www.mauritiusschule-ibb.de\/index.php?rest_route=\/wp\/v2\/pages\/5620\/revisions\/7837"}],"up":[{"embeddable":true,"href":"https:\/\/www.mauritiusschule-ibb.de\/index.php?rest_route=\/wp\/v2\/pages\/39"}],"wp:attachment":[{"href":"https:\/\/www.mauritiusschule-ibb.de\/index.php?rest_route=%2Fwp%2Fv2%2Fmedia&parent=5620"}],"curies":[{"name":"wp","href":"https:\/\/api.w.org\/{rel}","templated":true}]}}