{"id":37,"date":"2013-12-14T00:01:44","date_gmt":"2013-12-13T22:01:44","guid":{"rendered":"http:\/\/neu.mauritiusschule-ibb.de\/?page_id=37"},"modified":"2025-10-03T15:46:09","modified_gmt":"2025-10-03T13:46:09","slug":"foerderverein","status":"publish","type":"page","link":"https:\/\/www.mauritiusschule-ibb.de\/?page_id=37","title":{"rendered":"Verein zur F\u00f6rderung der Mauritiusschule"},"content":{"rendered":"<p>Der F\u00f6rderverein der Mauritiusschule hat sich mit dem Ziel gegr\u00fcndet<\/p>\n<ul>\n<li>die Zielsetzung und Arbeit der Schule zu unterst\u00fctzen und<\/li>\n<li>die Zusammenarbeit zwischen Schule, Eltern und Freunden der Schule zu f\u00f6rdern und<\/li>\n<li>die Sch\u00fcler in sozialer Hinsicht zu f\u00f6rdern und<\/li>\n<li>bei der Verbesserung der Arbeitsbedingungen mit zu helfen.<\/li>\n<\/ul>\n<p>Daraus haben sich viele Aktivit\u00e4ten ergeben, wie Sie unten erkennen k\u00f6nnen.<\/p>\n<p>Da ein Verein nur durch viele Vereinsmitglieder aber auch viele freiwillige Helfer bestehen und aktiv sein kann, freuen wir uns \u00fcber jeden, der sich &#8211; in welcher Weise auch immer &#8211; einbringen m\u00f6chte. Sprechen Sie uns gerne an!<\/p>\n<p style=\"text-align: center;\"><strong>Beitrittserkl\u00e4rung:\u00a0\u00a0<a href=\"https:\/\/www.mauritiusschule-ibb.de\/wp-content\/uploads\/2025\/09\/2025_FlyerBeitrittserklaerung_bunt.pdf\">2025_FlyerBeitrittserkla\u0308rung_bunt<\/a><\/strong><\/p>\n<p><strong>Vorstand:<\/strong><br \/>\n1. Vorsitzende:\u00a0 \u00a0 \u00a0 \u00a0Verena Twilling<br \/>\n2. Vorsitzende:\u00a0 \u00a0 \u00a0 \u00a0Carolin Plagemann<br \/>\nKassenwartin:\u00a0 \u00a0 \u00a0 \u00a0 Nathalie Esch<br \/>\nKassenpr\u00fcferin:\u00a0 \u00a0 \u00a0 Lena Postmeier<br \/>\nKassenpr\u00fcferin:\u00a0 \u00a0 \u00a0 Sylvia Hassl\u00f6ver<br \/>\nSchriftf\u00fchrerin:\u00a0 \u00a0 \u00a0 \u00a0 Nicole Rengers<br \/>\nBeirat:\u00a0 \u00a0 \u00a0 \u00a0 \u00a0 \u00a0 \u00a0 \u00a0 \u00a0 \u00a0 \u00a0Marie-Christine Hechelmann<br \/>\nBeirat:\u00a0 \u00a0 \u00a0 \u00a0 \u00a0 \u00a0 \u00a0 \u00a0 \u00a0 \u00a0 \u00a0Jeunice Zarske<br \/>\nBeirat:\u00a0 \u00a0 \u00a0 \u00a0 \u00a0 \u00a0 \u00a0 \u00a0 \u00a0 \u00a0 \u00a0Sascha Gohmann<br \/>\nBeirat:\u00a0 \u00a0 \u00a0 \u00a0 \u00a0 \u00a0 \u00a0 \u00a0 \u00a0 \u00a0 \u00a0 Marion Wahlbrink, Melanie Etgeton<\/p>\n<p><strong>Kontakt:<\/strong><br \/>\nMauritiusschule<br \/>\nFr\u00f6belstr. 3<br \/>\n49477 Ibbenb\u00fcren<\/p>\n<p><strong>E-Mail:<\/strong><br \/>\nfoerderverein@mauritiusschule-ibb.de<\/p>\n<div class=\"mceTemp\"><\/div>\n<div class=\"mceTemp\"><\/div>\n","protected":false},"excerpt":{"rendered":"<p>Der F\u00f6rderverein der Mauritiusschule hat sich mit dem Ziel gegr\u00fcndet die Zielsetzung und Arbeit der Schule zu unterst\u00fctzen und die Zusammenarbeit zwischen Schule, Eltern und Freunden der Schule zu f\u00f6rdern und die Sch\u00fcler in sozialer Hinsicht zu f\u00f6rdern und bei &hellip;<\/p>\n<p class=\"read-more\"> <a class=\"more-link\" href=\"https:\/\/www.mauritiusschule-ibb.de\/?page_id=37\"> <span class=\"screen-reader-text\">Verein zur F\u00f6rderung der Mauritiusschule<\/span> Weiterlesen &raquo;<\/a><\/p>\n","protected":false},"author":6,"featured_media":0,"parent":0,"menu_order":0,"comment_status":"closed","ping_status":"closed","template":"","meta":{"footnotes":""},"class_list":["post-37","page","type-page","status-publish","hentry"],"_links":{"self":[{"href":"https:\/\/www.mauritiusschule-ibb.de\/index.php?rest_route=\/wp\/v2\/pages\/37","targetHints":{"allow":["GET"]}}],"collection":[{"href":"https:\/\/www.mauritiusschule-ibb.de\/index.php?rest_route=\/wp\/v2\/pages"}],"about":[{"href":"https:\/\/www.mauritiusschule-ibb.de\/index.php?rest_route=\/wp\/v2\/types\/page"}],"author":[{"embeddable":true,"href":"https:\/\/www.mauritiusschule-ibb.de\/index.php?rest_route=\/wp\/v2\/users\/6"}],"replies":[{"embeddable":true,"href":"https:\/\/www.mauritiusschule-ibb.de\/index.php?rest_route=%2Fwp%2Fv2%2Fcomments&post=37"}],"version-history":[{"count":47,"href":"https:\/\/www.mauritiusschule-ibb.de\/index.php?rest_route=\/wp\/v2\/pages\/37\/revisions"}],"predecessor-version":[{"id":7772,"href":"https:\/\/www.mauritiusschule-ibb.de\/index.php?rest_route=\/wp\/v2\/pages\/37\/revisions\/7772"}],"wp:attachment":[{"href":"https:\/\/www.mauritiusschule-ibb.de\/index.php?rest_route=%2Fwp%2Fv2%2Fmedia&parent=37"}],"curies":[{"name":"wp","href":"https:\/\/api.w.org\/{rel}","templated":true}]}}