{"id":173,"date":"2014-01-07T21:15:16","date_gmt":"2014-01-07T20:15:16","guid":{"rendered":"http:\/\/neu.mauritiusschule-ibb.de\/?page_id=173"},"modified":"2023-06-13T16:24:25","modified_gmt":"2023-06-13T14:24:25","slug":"schulhofladen","status":"publish","type":"page","link":"https:\/\/www.mauritiusschule-ibb.de\/?page_id=173","title":{"rendered":"Pausenhelfende"},"content":{"rendered":"<p>Auf Anregung der Kinderkonferenz wurde im vergangenen Jahr ein Pausenhelfende ins Leben gerufen. In den beiden gro\u00dfen Pausen gehen jeweils vier ausgew\u00e4hlte Kinder \u00fcber den Schulhof, um ihre Mitsch\u00fclerinnen und Mitsch\u00fcler zu unterst\u00fctzen. Sie schlichten Streit, machen Kinder auf die Pausenregeln aufmerksam und k\u00fcmmern sich um Kinder, die kontaktscheu oder \u00e4ngstlich sind.<\/p>\n<p>Neben den Aufsichten sind die Pausenhelfenden verl\u00e4ssliche Ansprechpartner f\u00fcr alle Kinder bei gr\u00f6\u00dferen und kleineren Problemen. Die Pausenhelfenden wurden im Rahmen der Streitschlichterausbildung in ihr Aufgabenfeld eingef\u00fchrt. Das Amt der Schulhoflotsen wird von Sch\u00fclerinnen und Sch\u00fcler der vierten Klassen ausge\u00fcbt, die durch gelbe Warnwesten f\u00fcr alle auf dem Schulhof gut zu erkennen sind.<\/p>\n","protected":false},"excerpt":{"rendered":"<p>Auf Anregung der Kinderkonferenz wurde im vergangenen Jahr ein Pausenhelfende ins Leben gerufen. In den beiden gro\u00dfen Pausen gehen jeweils vier ausgew\u00e4hlte Kinder \u00fcber den Schulhof, um ihre Mitsch\u00fclerinnen und Mitsch\u00fcler zu unterst\u00fctzen. Sie schlichten Streit, machen Kinder auf die &hellip;<\/p>\n<p class=\"read-more\"> <a class=\"more-link\" href=\"https:\/\/www.mauritiusschule-ibb.de\/?page_id=173\"> <span class=\"screen-reader-text\">Pausenhelfende<\/span> Weiterlesen &raquo;<\/a><\/p>\n","protected":false},"author":6,"featured_media":0,"parent":109,"menu_order":0,"comment_status":"closed","ping_status":"closed","template":"","meta":{"footnotes":""},"class_list":["post-173","page","type-page","status-publish","hentry"],"_links":{"self":[{"href":"https:\/\/www.mauritiusschule-ibb.de\/index.php?rest_route=\/wp\/v2\/pages\/173","targetHints":{"allow":["GET"]}}],"collection":[{"href":"https:\/\/www.mauritiusschule-ibb.de\/index.php?rest_route=\/wp\/v2\/pages"}],"about":[{"href":"https:\/\/www.mauritiusschule-ibb.de\/index.php?rest_route=\/wp\/v2\/types\/page"}],"author":[{"embeddable":true,"href":"https:\/\/www.mauritiusschule-ibb.de\/index.php?rest_route=\/wp\/v2\/users\/6"}],"replies":[{"embeddable":true,"href":"https:\/\/www.mauritiusschule-ibb.de\/index.php?rest_route=%2Fwp%2Fv2%2Fcomments&post=173"}],"version-history":[{"count":5,"href":"https:\/\/www.mauritiusschule-ibb.de\/index.php?rest_route=\/wp\/v2\/pages\/173\/revisions"}],"predecessor-version":[{"id":6364,"href":"https:\/\/www.mauritiusschule-ibb.de\/index.php?rest_route=\/wp\/v2\/pages\/173\/revisions\/6364"}],"up":[{"embeddable":true,"href":"https:\/\/www.mauritiusschule-ibb.de\/index.php?rest_route=\/wp\/v2\/pages\/109"}],"wp:attachment":[{"href":"https:\/\/www.mauritiusschule-ibb.de\/index.php?rest_route=%2Fwp%2Fv2%2Fmedia&parent=173"}],"curies":[{"name":"wp","href":"https:\/\/api.w.org\/{rel}","templated":true}]}}